 - 3. Let y(z) = -11*t(z) + 6*x(z). What are the prime factors of y(3)?
3
Let v be (-23 + 1)/(4/6). Let a = v - -68. Suppose a = 3*h + 2*h. What are the prime factors of h?
7
Let q be 5 - (0 + -2)/(-2). Let c be 3/(-2)*(-16)/6. Suppose -c*b - 2*x = -8, 3*x - q = -10. List the prime factors of b.
3
Let r(n) be the first derivative of -n**4/4 - 7*n**3/3 - 7*n**2/2 - 10*n + 6. What are the prime factors of r(-7)?
3, 13
Let j(b) = -b + 13. What are the prime factors of j(-16)?
29
Suppose -2*a - 2*b + 24 = 0, -5*b + 0*b + 10 = 0. Let l = -6 + a. Suppose -f = -l*c + 26, -c - c = -4*f - 6. What are the prime factors of c?
7
Suppose 0 = -2*y + 83 - 21. What are the prime factors of y?
31
Let r = 43 + -26. Let x = r - -6. List the prime factors of x.
23
Let i(j) be the second derivative of j**4/6 - j**3/2 + 3*j**2/2 + 5*j. List the prime factors of i(2).
5
Let b(k) = 6*k - 6. Let l be b(4). Suppose -l = -3*o - 6. Suppose -6 = -o*n + 3*n. What are the prime factors of n?
2, 3
Let s = -134 + 167. What are the prime factors of s?
3, 11
Suppose 0*x - 6 = -2*x. Let k be -18 - (x + -2 + 0). Let w = -9 - k. What are the prime factors of w?
2, 5
Let t(h) = h**2 - 6*h - 7. List the prime factors of t(-3).
2, 5
Let y(d) = 6*d**3 + 1. Let v be y(1). Let q = 117 + -77. Suppose 0 = p - w - 12, -5*p - v*w = -2*w - q. List the prime factors of p.
2, 5
Let s be -3 + 2 + 0 + 4. Let f(d) = -8 + 6*d + 10 - 3*d - d**2. List the prime factors of f(s).
2
Let i be 29 - (-1 - -2) - -1. Let j = -13 + i. List the prime factors of j.
2
Suppose -2*s - 2*s - 77 = -3*n, 4*n - 5*s - 102 = 0. What are the prime factors of n?
23
Let a(h) = h**3 + h**2 - h - 6. Let o be a(0). Let t = -1 - o. Suppose 3*m = m + 5*s + 38, -t*s - 2 = 2*m. List the prime factors of m.
3
Let y be (12/15)/((-4)/(-290)). Let g = y + -35. List the prime factors of g.
23
Suppose 5*h - 2*g - 51 = 0, h + 4*g = -1 - 2. Let a = -6 + h. What are the prime factors of a?
3
What are the prime factors of 8/(-10) + 19/5?
3
Suppose -4*t - 2*x = 41 - 129, 0 = t - 5*x - 33. List the prime factors of t.
23
Suppose 5*h + 3*a - 93 = 0, -2*a = h - a - 17. What are the prime factors of h?
3, 7
Suppose 0 = -0*v - v + 2. List the prime factors of v.
2
Let z(m) = m**2 + 175. Let h be z(0). Suppose -y + 31 = p - 13, 5*p - 4*y - h = 0. Let d = -27 + p. List the prime factors of d.
2, 3
Suppose 0 = i + 2*f - 7, i + 24 = -3*i + 5*f. What are the prime factors of -1*(-6 + i)*1?
7
Let q(n) = -n. Let u be q(-3). Suppose 3 = u*r - 21. Let k = 8 + r. What are the prime factors of k?
2
Let k = -15 + 4. List the prime factors of -1*6/3 - k.
3
Let v = 117 - 21. List the prime factors of v.
2, 3
Let l be (-3)/12 + (-22)/8. Let v(r) = -r**3 - 2*r**2 - r + 3. What are the prime factors of v(l)?
3, 5
Let z be (1 + 0)/(1/11). Let h = z + -5. List the prime factors of h.
2, 3
Let l = -118 - -212. List the prime factors of l.
2, 47
Let n = 24 - 17. Let p(b) be the first derivative of -b**4/4 + 2*b**3 + 7*b**2/2 + 4*b - 3. What are the prime factors of p(n)?
2
Let j(t) = 2*t**2 - 9*t + 6. Let a be j(4). What are the prime factors of 17/(a/(0 - -2))?
17
Let f(y) = y**3 - 8*y**2 + 6*y + 3. Let b be f(7). Let l = 8 - b. Suppose 0 = x - 4*c + 3, 0 = 3*x + x - 4*c - l. List the prime factors of x.
5
Suppose 0 = 4*g + 4*c + 10 + 82, 3*c = 2*g + 31. What are the prime factors of ((-156)/g + 0)*5?
3, 13
Suppose -j + 8 - 4 = 0. Suppose -3*x + 36 = j*h - 7*x, 3*x = -2*h - 2. Let l(i) = 3*i - 3. List the prime factors of l(h).
2, 3
Suppose 2*z - 5 = -3*y, 0 = 2*y + y + 3*z. Suppose 3*m = y*m - 6. What are the prime factors of m?
3
Let f be 122/18 - (-6)/27. Let u = 12 - f. What are the prime factors of u?
5
Let l = 39 - 17. Suppose 5*n + l = -2*i - 0*i, 0 = 5*i - 3*n - 7. List the prime factors of 1*(-1)/i*8.
2
Let u(b) = -7*b**3 - b**2 - 4*b - 2. Let i(g) = 6*g**3 + 4*g + 2. Let s(y) = 6*i(y) + 5*u(y). Let z be s(4). What are the prime factors of 2/(z/10*1)?
2, 5
Suppose -124 = -2*m + 162. What are the prime factors of m?
11, 13
List the prime factors of 64/(-12)*(-117)/12.
2, 13
Suppose u = 4*u - 6. Suppose 2*r - 24 = -u*r. What are the prime factors of r?
2, 3
Let j = -7 + 1. Let s be (-20)/6*j/(-4). Let v(z) = z**2 + 3*z + 6. What are the prime factors of v(s)?
2
List the prime factors of ((-16)/12)/((-1)/30).
2, 5
Suppose 2*t + 36 = a + 3*t, 120 = 3*a - t. What are the prime factors of a?
3, 13
Let w(k) = k + 20. Let g be w(-14). What are the prime factors of (10/(-3))/(g/(-9))?
5
Let n(u) = u**2 + u + 27. Let j be n(0). Suppose -5*l + 98 = -j. List the prime factors of l.
5
Suppose 0*n - 57 = -n - y, n - 65 = -3*y. What are the prime factors of n?
53
Suppose 5*z + 14 = 44. Let a = -6 + z. Let f(h) = -h**2 + 11. List the prime factors of f(a).
11
Let f be 4/(-14) + (-60)/(-14). Let l = -4 + f. Suppose l = 2*j - 42 + 16. What are the prime factors of j?
13
Let l(o) be the third derivative of -3*o**2 - 1/6*o**3 + 0 + 1/6*o**4 + 0*o + 1/60*o**5. List the prime factors of l(-6).
11
Let r(t) = 2*t - 7. Let d be r(8). Let v be 2/2 + -2 + 3. Let n = v + d. List the prime factors of n.
11
Suppose 22 + 38 = 2*i. Suppose i = 5*x - 4*c, -4*c = -4*x + 4 + 24. List the prime factors of 2*x*(0 + 1).
2
Let m be -5*4/(-10)*-3. Let r(b) = b**2 - 5. Let v be r(m). Suppose 11 = -4*n + v. What are the prime factors of n?
5
Suppose -5*f + 465 = -0*f. Let o = f + -59. Suppose -5*z + o = -0*w + 4*w, -w - 54 = -5*z. List the prime factors of z.
2, 5
Suppose -21 = 3*f - 3*z, 2*z + 0*z = 3*f + 17. Let k = 3 + f. Suppose -q + 0*q + 22 = k. List the prime factors of q.
2, 11
Let c(r) = -6 + 8 - 4*r**3 + 8*r**2 + 5*r**3 - 6*r - 2*r**3. What are the prime factors of c(7)?
3
Suppose 1 + 9 = 5*t. Suppose t*k = z + 38, 52 = 2*k + z + 6. List the prime factors of k.
3, 7
Let v(c) = -c**3 + 4*c**2 + 8*c - 4. Let f be v(5). Let a = f - 8. What are the prime factors of a?
3
Suppose -4*x + v = 17 - 0, 3*x = -4*v + 11. List the prime factors of x/9 - (-13)/3.
2
Let t(s) = -s**3 + 6*s**2 - s - 3. Let u be -10*(-2)/(-12)*-3. What are the prime factors of t(u)?
17
Suppose 0 = -b + 4*u + 71 + 77, 0 = 4*u - 8. What are the prime factors of b?
2, 3, 13
Let d(f) = 5*f + 8. Let y(t) = -5*t - 7. Let o(r) = 4*d(r) + 5*y(r). Let w be o(3). Let n = -10 - w. List the prime factors of n.
2
Let g be 78/(-10) - (-2)/(-10). Let t = 2 + g. Let a(y) = y**2 + 5*y + 7. List the prime factors of a(t).
13
Suppose -2*t - 5*k - 7 = 9, 5*k + 28 = 4*t. Suppose -8 + 0 = -t*u. Let c = -2 + u. List the prime factors of c.
2
What are the prime factors of (-1742)/(-18) + (-10)/(-45)?
97
Suppose -4*c + 0*c = -28. Suppose -3*i - 4*h + 5 = -1, -3*i - 5*h + 3 = 0. Let f = i + c. List the prime factors of f.
13
Let m(p) = -3*p**3 - 7*p**2 - 2*p + 1. What are the prime factors of m(-5)?
211
Let u be (9/(-27))/(2/6). Let o = 9 - -2. Let j = o + u. List the prime factors of j.
2, 5
Let k be 1/(2 - 15/9). Suppose -2*q + k + 65 = 0. List the prime factors of q.
2, 17
Suppose 4*g - 3*g - 6 = 0. Suppose -3*n + 12 = g*c - 3*c, -4*n + 2*c = -22. What are the prime factors of n?
5
Suppose 4*s - 9 = s. Let t = s - 4. What are the prime factors of (t + 0 - -3) + 9?
11
List the prime factors of 42/(-14) + 1*17.
2, 7
Let c(x) = x**3 - x**2 + x - 1. Let h(g) = 4*g**3 - 4*g**2 + 4*g - 4. Let a(f) = -22*c(f) + 6*h(f). List the prime factors of a(2).
2, 5
Let j(o) = -3*o + 5. Let a be j(-5). Let m = 14 - a. List the prime factors of m*((-7)/3 - -1).
2
Let h(c) = -c**3 - c - 1. Let t(m) = 5*m**3 - 5*m**2 - 5*m + 13. Let z(g) = -4*h(g) - t(g). What are the prime factors of z(6)?
3
Let v(b) = -4*b - 8. What are the prime factors of v(-10)?
2
Suppose -5*l = -4*t + 22, -l + 2*t - 5 = -3. Let k be 7/21 + (-22)/l. Suppose -y + 39 = 2*b, -y = k*b - 42 - 33. What are the prime factors of b?
2, 3
Suppose 0*h - 52 = -2*h. Let b = -6 + h. What are the prime factors of b?
2, 5
Let y = 1 + 4. Suppose 3*z = 2*p - 3 + 2, -p - y*z = -7. Let w = p - -7. List the prime factors of w.
3
Let x(p) = 2*p - 4 - 2 + 8*p**3 + 5*p**2 - 9*p**3. What are the prime factors of x(5)?
2
Let l = -24 + 99. What are the prime factors of l?
3, 5
Suppose 3*v = v + 66. List the prime factors of v.
3, 11
Let o(g) = g**3 - 2*g. Let l be o(-2). Let x(q) = -q**3 - 2*q**2 + 2. Let s be x(-